the prime factors of 181177714?
2, 179, 506083
List the prime factors of 57396403.
17, 53, 63703
What are the prime factors of 72715955?
5, 13, 251, 4457
What are the prime factors of 4652875874?
2, 37, 62876701
What are the prime factors of 424522898?
2, 53, 4004933
What are the prime factors of 456127223?
67, 6807869
What are the prime factors of 126504053?
13, 9731081
What are the prime factors of 310209444?
2, 3, 41, 210169
List the prime factors of 2914959249.
3, 1511, 214351
List the prime factors of 935997276.
2, 3, 77999773
List the prime factors of 587345192.
2, 7, 109, 96223
List the prime factors of 50551701.
3, 67, 251501
What are the prime factors of 45269256?
2, 3, 173, 10903
What are the prime factors of 238325665?
5, 173, 275521
What are the prime factors of 3802612?
2, 11, 86423
List the prime factors of 31229784.
2, 3, 433747
List the prime factors of 1833475643.
1833475643
What are the prime factors of 1109511063?
3, 53, 2326019
List the prime factors of 82924437.
3, 37, 61, 331
List the prime factors of 120941647.
491, 246317
List the prime factors of 4546830146.
2, 103, 1327, 16633
What are the prime factors of 1431089906?
2, 715544953
List the prime factors of 3360421545.
3, 5, 13, 29, 31, 661
What are the prime factors of 3242820035?
5, 7, 13, 7127077
List the prime factors of 66351205.
5, 23, 576967
What are the prime factors of 429699552?
2, 3, 197, 22721
List the prime factors of 8444384655.
3, 5, 7, 31, 79, 32839
What are the prime factors of 1042327240?
2, 5, 26058181
List the prime factors of 2019344382.
2, 3, 11, 41, 248749
What are the prime factors of 880482364?
2, 127, 487, 3559
What are the prime factors of 2218183069?
17, 6121, 21317
List the prime factors of 593512638.
2, 3, 41, 2412653
What are the prime factors of 1019108035?
5, 11, 19, 23, 109, 389
What are the prime factors of 2606434155?
3, 5, 13, 19, 421, 557
What are the prime factors of 369232663?
369232663
What are the prime factors of 646159126?
2, 2591, 124693
What are the prime factors of 158638825?
5, 43, 147571
What are the prime factors of 78549599?
78549599
What are the prime factors of 258807416?
2, 7, 41, 16103
What are the prime factors of 229780093?
229780093
List the prime factors of 1329437645.
5, 265887529
List the prime factors of 547593259.
547593259
What are the prime factors of 1564001435?
5, 19, 67, 245719
What are the prime factors of 30973751?
4561, 6791
What are the prime factors of 79079238?
2, 3, 7, 89659
What are the prime factors of 5085106823?
23, 2767, 79903
What are the prime factors of 39882450?
2, 3, 5, 265883
List the prime factors of 1669286277.
3, 109, 1701617
What are the prime factors of 38970358?
2, 7, 17, 163741
List the prime factors of 29573119.
131, 225749
List the prime factors of 917754962.
2, 17, 439, 61487
List the prime factors of 17431938.
2, 3, 229, 4229
List the prime factors of 33164009.
97, 229, 1493
List the prime factors of 910562742.
2, 3, 16862273
What are the prime factors of 385359111?
3, 17, 2518687
What are the prime factors of 166426629?
3, 37, 401, 3739
What are the prime factors of 3065341353?
3, 23, 44425237
What are the prime factors of 28627104?
2, 3, 11, 27109
List the prime factors of 1787839349.
1787839349
What are the prime factors of 112356930?
2, 3, 5, 7, 535033
What are the prime factors of 426803295?
3, 5, 23, 29, 1471
What are the prime factors of 794099745?
3, 5, 67, 263383
List the prime factors of 4284710102.
2, 19, 461, 244589
List the prime factors of 776457975.
3, 5, 67, 191, 809
What are the prime factors of 42758224?
2, 2672389
What are the prime factors of 577373686?
2, 17, 1567, 10837
List the prime factors of 2240165053.
7, 320023579
List the prime factors of 8854262928.
2, 3, 7, 325333
What are the prime factors of 6992578164?
2, 3, 11, 13, 4074929
What are the prime factors of 120181256?
2, 13, 23, 47, 1069
What are the prime factors of 3277782488?
2, 233, 733, 2399
List the prime factors of 33444368.
2, 43, 48611
What are the prime factors of 732585557?
11, 53, 1256579
List the prime factors of 187210083.
3, 62403361
What are the prime factors of 55178118?
2, 3, 67, 101, 151
What are the prime factors of 2045628540?
2, 3, 5, 19, 199379
List the prime factors of 39613412.
2, 31, 101, 3163
What are the prime factors of 620340092?
2, 1997, 77659
What are the prime factors of 153265661?
153265661
List the prime factors of 1685240447.
11, 17, 819271
What are the prime factors of 96060671?
7, 283, 48491
What are the prime factors of 44385462?
2, 3, 11, 6793
List the prime factors of 280858249.
7, 5731801
List the prime factors of 1629965367.
3, 79, 2292497
List the prime factors of 39587472.
2, 3, 421, 653
List the prime factors of 298917255.
3, 5, 7, 13, 218987
List the prime factors of 248224348.
2, 62056087
What are the prime factors of 1751886651?
3, 583962217
List the prime factors of 24738091.
7, 401, 1259
What are the prime factors of 252725236?
2, 63181309
What are the prime factors of 42409546?
2, 863, 24571
List the prime factors of 97699745.
5, 11, 13, 23, 457
List the prime factors of 62126966.
2, 11, 256723
List the prime factors of 292855684.
2, 11, 47, 141613
List the prime factors of 138577010.
2, 5, 11, 13, 96907
List the prime factors of 107853580.
2, 5, 5392679
What are the prime factors of 2049882163?
7, 101, 929, 3121
What are the prime factors of 7663689?
3, 11, 199, 389
List the prime factors of 1462910519.
7, 643, 325019
What are the prime factors of 1010930414?
2, 13, 127, 306157
What are the prime factors of 354969959?
354969959
What are the prime factors of 199556175?
3, 5, 7, 13, 4177
What are the prime factors of 3288492828?
2, 3, 283, 322781
What are the prime factors of 1861991060?
2, 5, 93099553
What are the prime factors of 1975623150?
2, 3, 5, 331, 39791
What are the prime factors of 538288379?
538288379
What are the prime factors of 222400325?
5, 7, 1270859
What are the prime factors of 24062345?
5, 103, 46723
What are the prime factors of 387896869?
2441, 158909
What are the prime factors of 1520105683?
28631, 53093
What are the prime factors of 20897645?
5, 89, 151, 311
What are the prime factors of 9739884631?
9739884631
What are the prime factors of 57033908?
2, 151, 94427
What are the prime factors of 112413968?
2, 241, 29153
What are the prime factors of 2228391934?
2, 19, 1531, 38303
What are the prime factors of 1437117957?
3, 11, 1612927
List the prime factors of 1515042341.
1515042341
List the prime factors of 848590663.
29, 389, 75223
What are the prime factors of 230874909?
3, 17, 19, 238261
List the prime factors of 10938898.
2, 1297, 4217
List the prime factors of 5215652467.
2333, 2235599
List the prime factors of 46518546.
2, 3, 37, 209543
List the prime factors of 18947889.
3, 911, 2311
List the prime factors of 25118666.
2, 257, 48869
What are the prime factors of 58944051?
3, 31, 70423
What are the prime factors of 43318380?
2, 3, 5, 7, 17, 6067
What are the prime factors of 4753323740?
2, 5, 11, 61, 271, 1307
List the prime factors of 270972763.
270972763
List the prime factors of 2895086456.
2, 43, 79, 106531
What are the prime factors of 41404666?
2, 59, 350887
What are the prime factors of 658342607?
13, 223, 227093
What are the prime factors of 15081626?
2, 7, 577, 1867
List the prime factors of 322082629.
11, 17, 641, 2687
List the prime factors of 13177336.
2, 19, 86693
What are the prime factors of 4518815090?
2, 5, 29, 2243, 6947
List the prime factors of 297260854.
2, 11, 383, 35279
What are the prime factors of 109756570?
2, 5, 7, 11, 2909
List the prime factors of 921094815.
3, 5, 61, 947, 1063
List the prime factors of 1001389392.
2, 3, 85853
List the prime factors of 215338111.
109, 113, 17483
List the prime factors of 365816536.
2, 45727067
List the prime factors of 293743447.
173, 521, 3259
What are the prime factors of 153173847?
3, 51057949
List the prime factors of 996006536.
2, 7, 23, 61, 1811
What are the prime factors of 24163363?
7, 23, 150083
List the prime factors of 1335756314.
2, 37, 157, 114973
List the prime factors of 184877824.
2, 61, 11839
List the prime factors of 120283771.
43, 457, 6121
List the prime factors of 99814685.
5, 19962937
What are the prime factors of 2090326251?
3